 Let b(n) = g*m(n) - 2*j(n). Calculate b(-2).
4
Let m(g) = -g**3 + 2*g**2 + g + 2. Let s(d) = d**3 - 2*d**2 + d + 1. Let n be s(2). Let w be m(n). Let f = 9 + w. Let y(b) = -b**2 + 4*b + 3. Calculate y(f).
-2
Suppose -4*q + m = -1, -37*m + 42*m + 20 = 5*q. Let c(n) = -n**3 - 1. What is c(q)?
0
Let f(l) = l - 6. Let v be f(14). Let y(q) = 14*q - v*q - 11*q. Let o be (4/(-8))/((-1)/(-2)). Give y(o).
5
Let w(j) = -107 - 108 - 4*j**2 + 5*j**2 + 217. Let o = -3 - -1. What is w(o)?
6
Let x(g) = -g**3 - 6*g**2 - 5*g + 6. Let q be (-174)/36 - (-6)/(-36). Give x(q).
6
Let z(g) = -g**2 + 10*g + 3. Let w = -48 + 119. Let m = w - 62. What is z(m)?
12
Let w(i) = -i**3 + 7*i**2 - i - 1. Suppose -3*a = -10 - 20. Suppose -11 - a = -3*m. Calculate w(m).
-8
Let l(j) = -j**2 - 8*j. Let i(w) = 8*w**2 + 39*w - 1. Let x(g) = -i(g) - 5*l(g). What is x(-3)?
-29
Let b(v) = v**3 + 6*v**2 - 8*v + 12. Let j be b(-7). Suppose 0 = 5*c - 6 - j. Let f(i) = i**2 - 6*i - 1. Calculate f(c).
-6
Let i = -40 + 42. Let t(b) = 3*b - i*b - 4*b + 2*b + 3. What is t(0)?
3
Let f(s) = -9*s**2 - s + 2. Let r(u) = 11*u**2 + u - 1. Let p(h) = 5*f(h) + 4*r(h). Determine p(0).
6
Let r(j) = j**2 - 6*j + 5. Let n be r(6). Suppose -4*t = -2*a - 22, n*t - 7 - 18 = 0. Let f(i) = 0*i**2 + 2*i**2 - 1 - 10*i**3 + i**3. Determine f(a).
10
Let k(p) be the first derivative of p**3/3 + p**2 - 4*p - 41. Let v(r) be the first derivative of k(r). Let a be -1 - (1 + (2 - 1)). Determine v(a).
-4
Let a = -765 + 751. Let g(b) = -b**2 - 17*b - 4. What is g(a)?
38
Let m be (-102 - -94) + 6/2. Let l(p) = -11*p - 5. What is l(m)?
50
Let b(p) = p - 9. Let o be b(12). Suppose -o*n + 18 = -5*m, -n + 4 + 2 = 5*m. Let k(d) = d**2 - 3*d - 4. Determine k(n).
14
Let d(j) = -7*j + 14. Let k(h) = -5*h + 13. Let l(u) = 3*d(u) - 4*k(u). Give l(-6).
-4
Let y(w) = 1460 - w**3 + w**2 + 0*w**2 - 1432. What is y(0)?
28
Suppose 0 = 4*d, 0*b - b - 5*d = 0. Let c(p) be the first derivative of p**4/4 + p**3/3 + p**2/2 - p - 23. Give c(b).
-1
Suppose 23 - 19 = b. Let t(o) = 5*o**2 + 10*o + 2. Let p(c) = 3*c**2 + 8*c + 3. Let w(v) = 3*p(v) - 2*t(v). Determine w(b).
5
Let z(c) be the first derivative of -c**4/4 - 7*c**3/3 - 11*c**2/2 + 2*c - 697. Determine z(-5).
7
Let b(l) = -3*l + l**3 + 3*l + 6*l - 8*l + 5*l**2 + 0*l - 1. What is b(-6)?
-25
Let d(i) = 2*i + 2. Let h(f) be the third derivative of -f**5/60 - f**4/8 + 7*f**3/3 - 2*f**2. Let g be h(-6). Determine d(g).
-6
Suppose 3*k - 10 = -5*z, -6*k - 4*z = -5*k - 1. Suppose 4*l + 16 = -3*o - 5, k*l - 4*o + 3 = 0. Let c(r) = -r**3 - 3*r**2 - 4*r - 1. Calculate c(l).
11
Let q(v) = -v**2 - 5*v - 3. Let u be 2/((-28)/70*(-10)/(-6)). What is q(u)?
3
Let l(i) = -9*i + 4*i - 3*i + 5*i + 4*i. Determine l(-5).
-5
Let d(o) = -2*o - 11. Let u(g) = 3*g + 21. Let p(x) = 5*d(x) + 3*u(x). Let a(l) = l. Let s be (14 + -7)*1 + -5. Let k(c) = s*a(c) + p(c). Calculate k(-5).
3
Let b(d) = -1 + 4*d**2 + 0*d**2 - d**2 + d**2 + 284*d - 281*d + d**3. Give b(-1).
-1
Let w(x) = -3*x**2 - x - 5. Let a(d) = 5*d**2 + 2*d + 11. Suppose 0 = g + u + 1, 5*g - 2*g - 2*u = 22. Let k(f) = g*a(f) + 9*w(f). What is k(-1)?
-7
Let b be (-3)/3*1 + 4. Let f(h) = 2*h + 8*h**2 - 3 + 9*h**b - 2 - 3*h**2 - 10*h**3. Suppose -4*c + 13 + 7 = 0. What is f(c)?
5
Let u(k) = k**2 + k. Suppose -5*j + 7*j = 5*v - 18, -j + v - 6 = 0. Determine u(j).
12
Let k(s) be the third derivative of 1/60*s**5 + 5*s**2 + 0 + 0*s - 2/3*s**3 + 1/24*s**4. Give k(0).
-4
Let s(l) = -l**3 - 6*l**2 - 7*l - 3. Let g(m) = -m**3 - m**2 - 3*m. Let d(c) = -2*g(c) + s(c). Give d(5).
17
Let l(v) be the third derivative of v**5/120 - v**4/2 - 7*v**3/6 + v**2. Let j(o) be the first derivative of l(o). Calculate j(9).
-3
Let r(c) be the third derivative of c**4/24 + c**2. Let m be (8/(-12))/((-5)/45). Suppose 24 = -m*p + 2*p. Determine r(p).
-6
Let f(i) be the second derivative of -i**3 + i**2/2 + 86*i. What is f(-6)?
37
Let q(o) = o**3 + 6*o**2 - 2*o + 7. Suppose 5*j + 2*d + 34 = 0, -2*d + 20 = -7*j + 3*j. What is q(j)?
19
Let q = -121 + 125. Let b(v) = 2*v - 8. Determine b(q).
0
Let c(q) = 3*q - 4*q**2 + 5*q**2 - q. Let b(i) = -2*i**3 - 15*i**2 - i + 41. Let y be b(-7). What is c(y)?
-1
Let g(q) = -q + 5. Suppose -5*v + 65 = -4*d - 22, -2*v + 3*d + 39 = 0. Suppose -v*i + 56 = -i. Give g(i).
1
Let y(v) = v + 1. Suppose -17 = 4*x - 1. Let k = -1 - x. Calculate y(k).
4
Let y(g) = -g**2 + 3*g + 2. Let z = 13 + -13. Let x be (z + -1)/((-2)/52). Suppose -x = -4*u + 2*r, -4*r = -5*u - 7*r + 5. What is y(u)?
-2
Let l be (-24)/(-10) - (-4)/(-10). Let q(h) = -6*h - 10. Let x(b) be the first derivative of -b**2/2 - 2*b - 29. Let d(c) = -2*q(c) + 11*x(c). Give d(l).
0
Let n be (4/18 - 0) + (-1540)/(-36). Let h = 45 - n. Let c(b) = 4*b - 2. Calculate c(h).
6
Let v(u) be the second derivative of 0 + 1/12*u**4 + 2/3*u**3 - 3*u**2 - 10*u. Determine v(-5).
-1
Suppose -5*n + 30 = -2*n - 3*b, -2*b = 3*n - 5. Let m(d) = -d**3 + 4*d**2 + 5*d - 3. What is m(n)?
-3
Suppose 2*v - 1 = c, -4*c - 5*v = -0*v - 48. Let k(r) = 8*r + 3*r**2 - 11*r**2 + r + r**3 - 2*r + 6. Give k(c).
6
Let y(d) = 1. Let u(s) = -2*s + 10. Suppose 2*z = -q, 5*z + 32 - 7 = 0. Let b(t) = q*y(t) - u(t). What is b(3)?
6
Let q(j) = j**3 - 49*j**2 + 47*j + 45. Let t be q(48). Let n(s) = -s**3 - s**2 - 3. What is n(t)?
15
Let j(q) be the first derivative of 0*q + 1/4*q**4 - 1/3*q**3 + 2 + q**2. Give j(2).
8
Let r(t) = t**3 + t**2 - t - 21. Let f be r(0). Let s(h) = h**2 + 20*h - 15. What is s(f)?
6
Let g(u) be the first derivative of -u**4/4 - 4*u**3/3 + u**2/2 + 2*u - 1. Suppose 2*y + 2*a = 7*a + 11, 3*y + 3*a + 15 = 0. Let t = y + -2. Give g(t).
-2
Let c(q) = 6*q + 4 - 3*q - 2*q - 10. What is c(5)?
-1
Let o(b) = -7*b**3 + 17*b**2 - 2 - 17*b**2 - 8*b**3 + 16*b**3. Let a be ((-8)/6)/((-2)/(-6)). Let j = 6 + a. What is o(j)?
6
Let l(x) = -4*x + 6. Let q = -370 - -373. Determine l(q).
-6
Let q(m) = -4*m - 3*m + m**2 + 6*m + m**3 + 2*m**2. Let k(g) = 7*g - 88. Let v be k(12). Calculate q(v).
-12
Let l(p) = -p**2 + 9*p + 5. Suppose -3*r = -2*r - 4*j + 7, 2*r = 5*j - 5. Calculate l(r).
25
Let b(g) be the first derivative of -5*g**2/2 - 23*g + 835. What is b(-11)?
32
Let o(i) = -2 - 8*i - 9*i + 11*i - 1 + 3*i. What is o(-3)?
6
Let i(q) = 4*q + 18904 - 5*q - 18905. What is i(-2)?
1
Let o(n) = 2*n - 4. Let l(j) = j**2 - 14*j + 26. Let a(v) = -l(v) - 2*o(v). Calculate a(12).
-42
Let x be -2*(-3 - 50/(-4)). Let w = x - -13. Let v(l) = l**3 + 5*l**2 - 6*l - 2. What is v(w)?
-2
Let a(h) = h**3 - 5*h**2 + 4. Let f be (-70)/(-17) - (-48)/(-408). What is a(f)?
-12
Let z(i) = i**2 - 15 - i + 15. Suppose -3*t - l - 12 = 0, -12 = 2*t + 3*t - l. Let g(r) = -2*r**2 + 3*r + 2. Let v(p) = t*z(p) - g(p). Determine v(0).
-2
Let r(z) = -z**3 + 10*z**2 + 27*z - 37. Suppose -84*w + 74*w + 120 = 0. Calculate r(w).
-1
Let c(b) be the third derivative of b**5/30 - b**4/6 - 5*b**3/6 - 2*b**2 + 30*b. What is c(4)?
11
Let j(s) = 3*s + 2*s - s**2 - 10*s - 2 + 0. Let l = -32 + 27. Give j(l).
-2
Let c = -158 + 238. Let i = c + -54. Suppose 5*l + 46 = i. Let t(k) = -4*k + 2. What is t(l)?
18
Let d be 9 - 13 - (-62 + 1). Let l = d - 50. Let y(u) = u**2 - 8*u + 6. Give y(l).
-1
Let d(s) = 26803*s**3 - 26804*s**3 - 6*s - 4 - 5*s**2 - 1. Suppose m = -m - 8. Calculate d(m).
3
Let w(i) = -i**2 - 11 + 63*i + 57*i - 131*i. What is w(-10)?
-1
Let a(q) = -4*q**3 + 2*q**2 + 2*q - 8. Let x(u) = -u**3 - u - 2. Let n(j) = -a(j) + 3*x(j). Determine n(3).
-4
Let i(u) = 3*u + 0*u**2 - 2*u**2 + u**3 - u**2 - 6 - u**2. Let g = -1 - -9. Suppose b + g = 3*b. Calculate i(b).
6
Suppose 19 = 9*j - 17. Suppose -5 - j = -3*g. Let f(w) = -w**2 + 5*w + 1. Give f(g).
7
Let z = -22 - -13. Let p(d) = -2*d**2 + d**3 - 13 - 7*d**2 + 24*d - 26*d + 3*d**2 + 15*d**2. Calculate p(z).
5
Let x be (-11)/1*(-2 + -1). Let g = x + -30. Let b(o) = -o**3 + o**2 + 3*o + 2. What is b(g)?
-7
Let x(z) = 3 - 4 - 3*z - 1 + 0*z. Let a(i) = -i. Let r(h) = 4*a(h) - 2*x(h). What is r(-5)?
-6
Let r(c) = 23*c - 17. Let q(l) = 6*l - 4. Let j(x) = -9*q(x) + 2*r(x). Determine j(-2).
18
Let t(l) = l + 1051 - 48*l**2 + 50*l**2 - 1049. Give t(-1).
3
Let b(m) = 16*m**3 - 36*m**2 - 51*m + 40. Let y be 5 + -2 + 3 + -17. Let f(j) = 3*j**3 - 7*j**2 - 10*j + 8. Let n(o) = y*f(o) + 2*b(o). Give n(6).
4
Let u(t) = 9*t**2 - 9*t